st common divisor of 10 and i?
10
Suppose 21*m + 462 = 23*m. Calculate the highest common divisor of m and 11.
11
Suppose -21*b + 24*b = 90. Calculate the greatest common divisor of b and 45.
15
Let b be 26/6 - 4/(-6). Suppose b*f = f + 12. Let r be (5/f)/(2/6). What is the greatest common factor of r and 20?
5
Let u be (2/(-4))/((-2)/(-8)). Let r be (-138)/(-15) - u/(-10). Let c be (4/3)/(6/r). Calculate the greatest common factor of 3 and c.
1
Suppose 3*o - 14 + 11 = 0. What is the highest common factor of o and 11?
1
Let m be 1 - (-1 + 2 + -14). Calculate the greatest common factor of m and 7.
7
Suppose -98 = -5*g - 2*g. Let b(l) = 22*l - 4. Let n be b(4). What is the highest common divisor of n and g?
14
Suppose 0*u + 2*u = -5*x + 45, -4*u + 4*x + 48 = 0. Calculate the greatest common divisor of u and 10.
5
Suppose 4*m - 3*k = -3 + 59, 0 = 3*k. Suppose i - 3*b = 23, 40 + 24 = 5*i + 2*b. What is the highest common factor of m and i?
14
Let q be 32 + 5 + (3 - 4). What is the greatest common factor of q and 90?
18
Let z(u) = u**2 + u + 12. Let d be z(-4). Calculate the highest common divisor of 216 and d.
24
Let w be (-2 + 0)*(-12)/8. Calculate the highest common factor of 3 and w.
3
Suppose -4*j - j = -20, 5*j = -3*c + 137. Calculate the greatest common factor of c and 273.
39
Let w = 0 + 6. Calculate the highest common divisor of 54 and w.
6
Suppose x - 176 = -5*t, -2*x + 629 = 2*x + 5*t. Suppose 5*z + 1 = x. Calculate the highest common divisor of z and 10.
10
Suppose -2*y - 6 + 76 = 0. Let z = -995 + 1000. What is the greatest common factor of z and y?
5
Let w(j) = -8*j**3. Let d be w(-1). Calculate the greatest common divisor of d and 56.
8
Let n be (-1 - 5) + 0/1. Let h be 5/((-20)/n)*16. Suppose 2*r - 16 = r. What is the greatest common factor of r and h?
8
Let w be (-1 + -1)*(-150)/6. What is the highest common divisor of w and 20?
10
Let p(h) = 12*h - 12. Let i be p(7). Suppose 5*q - i - 38 = 0. Calculate the highest common factor of 242 and q.
22
Suppose -8 = -3*i - 2. Suppose 3*a - 17 = -i. Suppose -a*v = 2*g - 980, -3*v + 7*v + 5*g = 767. Calculate the highest common factor of v and 18.
18
Suppose 5 + 165 = 5*f. What is the greatest common factor of f and 17?
17
Let p = 7 + -2. Let f(k) = -26*k + 5. Let n be f(-5). Suppose 4*u = u + n. What is the highest common factor of u and p?
5
Suppose 5*o = -3*u + 35, u - 5 = 5*o - 20. What is the greatest common divisor of 1 and u?
1
Suppose 4*u = -2*v + 4, -2*v = -0*u + 5*u - 6. Suppose -25 = -4*y - 5*g, 6 = -3*g + g. Calculate the highest common factor of u and y.
2
Suppose 0 = -3*f + 2*f + 5. Let k be (2 - 5 - -2)*-3. Let r be k/2*160/6. Calculate the highest common factor of f and r.
5
Let z be 141/((-3)/(-2) - 0). Suppose -z = c - 3*c. Suppose 4*f - 2*q = f + c, -4*f = -2*q - 60. What is the highest common divisor of 26 and f?
13
Suppose -4*p + 14 = 6. Suppose -41 = -3*m + 2*s, 32 = 6*m - p*m + 3*s. What is the greatest common factor of m and 55?
11
Let v(j) = j**2 + 9*j + 12. Let g be v(-8). What is the highest common factor of g and 10?
2
Let c be ((-188)/(-6))/(4/6) - 2. Calculate the highest common divisor of 5 and c.
5
Let r be 19/4 + 3/12. Let s(m) = -m**3 + 6*m**2 - 8*m + 7. Let o be s(r). Let u = o - -21. Calculate the highest common factor of 13 and u.
13
Let g = 28 - 10. What is the highest common factor of g and 2?
2
Let j = -4 - -11. Calculate the highest common factor of j and 35.
7
Let c(w) = -w**2 + 4*w + 1. Let o be c(0). Let i = -8 + 19. What is the greatest common factor of i and o?
1
Suppose -6*x - 3*m + 50 = -2*x, 2*m + 18 = x. Calculate the highest common divisor of 21 and x.
7
Let d(w) = -10*w**3 - 3*w**2 - w + 1. Let h be d(-1). Calculate the highest common divisor of h and 36.
9
Let m = 35 - 20. Let a(u) = -35*u - 7. Let k be a(-5). Suppose 4*h = -3*i + k, -h - 2*i + 31 = -6. What is the highest common factor of h and m?
15
Let s be (-3*1)/((-16)/96). Calculate the greatest common divisor of 72 and s.
18
Let q(h) = h**2 - h + 354. Let m be q(0). Suppose x = 5*s + 181, -x - m = -3*x + 2*s. Suppose x = w + 5. What is the greatest common factor of w and 19?
19
Let v(q) = -q**3 - q**2 - 5*q. Let r be v(-5). Let z be ((-25)/(-4))/((-6)/(-24)). Calculate the greatest common divisor of r and z.
25
Suppose -3 - 13 = 4*g. Let d be (g - -1 - -11)*5. What is the highest common divisor of d and 5?
5
Suppose 5*d - 19 = -2*a, 2*a - 64 = -3*a + 4*d. Let p(q) = 37*q**2 + q. Let b be p(-1). Let f = b - 24. What is the greatest common factor of a and f?
12
Let j be (5 - 3)/(-2 - -3). Suppose -110 = n - j*n - 5*o, 5*n - 504 = -2*o. What is the highest common divisor of n and 40?
20
Suppose -g + 0*g = -89. Suppose 3*p - 332 = -g. Suppose 8*b - 43 = 29. Calculate the greatest common factor of b and p.
9
Let r be -2 + 6 - 20/5. Suppose b + 4 - 5 = r. What is the greatest common factor of 7 and b?
1
Let y(d) be the second derivative of -d**5/20 + 3*d**4/4 + d. Let f be y(9). Suppose -4*u + 12 + 20 = f. Calculate the highest common divisor of 20 and u.
4
Suppose -2*a - 2*a = -288. Let f(n) = -2*n - 2. Let c be f(-5). Calculate the highest common divisor of c and a.
8
Let p(q) = -q**2 - 7*q + 3. Let o be p(-7). Suppose 0 = 2*h - o*h. Suppose -2*c + 5*c - 45 = h. Calculate the highest common factor of 60 and c.
15
Let x be ((-6)/9)/((-2)/252). Suppose 2*p - 3*w = -2*w + 26, -66 = -5*p + 3*w. Calculate the greatest common factor of x and p.
12
Let f = -2 - -9. Let v = 22 - f. Calculate the greatest common factor of 5 and v.
5
Suppose -47 = -2*x - 5*m, 4*x + x - 77 = m. Let f = -104 + 213. Let s = -61 + f. What is the highest common factor of s and x?
16
Suppose 2*o - 20 = -0*o. Calculate the greatest common divisor of 80 and o.
10
Let m(y) = 3*y**2 - y - 6. Let t be m(-6). What is the greatest common factor of 12 and t?
12
Let u = -1 + 3. Suppose -u*g + 5*g - 15 = 0. Let x = g + 8. Calculate the highest common divisor of x and 26.
13
Suppose -22 = -s - 3*r, -2*r + 0*r + 108 = 4*s. Calculate the greatest common factor of 7 and s.
7
Suppose 3*z - 17 = 28. Calculate the greatest common divisor of z and 10.
5
Suppose -a + 12 - 9 = 0. Let h be ((-95)/(-4))/(1/4). Let s be h*2 + (0 - a). Calculate the greatest common divisor of 17 and s.
17
Suppose -3*f = 4*h - 82, -32 = -2*f - 0*f + 3*h. What is the highest common divisor of 55 and f?
11
Let b(z) = -2*z**3 - z**2 + 2*z + 3. Let a be b(-3). Let l = -29 + a. What is the greatest common factor of l and 13?
13
Suppose 206 + 10 = 9*k. Suppose -2*j - 48 = -5*j. What is the greatest common factor of j and k?
8
Let m be ((-4 - 1)*-6)/(9/30). Calculate the greatest common divisor of 20 and m.
20
Let z be 2/4*2 + 5. Suppose 5*b = -5*a + 5, -3 = 3*b - 4*b. Let n be 0/2 + (a - -8). Calculate the greatest common factor of z and n.
6
Let z(g) = -g + 4. Let o be z(3). Suppose t - 2*c + o = 0, 61 = 3*t + t + 5*c. Suppose 9 = 3*l - t. Calculate the highest common factor of 4 and l.
2
Let u = 20 - 18. What is the highest common divisor of u and 16?
2
Let n be (40 - (-3 - -7)) + -4. Calculate the highest common divisor of n and 4.
4
Let v be ((-6)/(-4))/(1/(-8)). Let f be (-405)/v - (-1)/4. Suppose 5*n - f - 26 = 0. What is the highest common divisor of 18 and n?
6
Suppose -t + 8 = t. Let b = t - 4. Suppose 4*z + z - 300 = b. What is the greatest common factor of 12 and z?
12
Let u be ((-7)/14)/((-1)/288). Calculate the greatest common divisor of 24 and u.
24
Let c = 15 + -11. Suppose u - c*f + 18 = 0, u - 2*f = -u - 6. Calculate the greatest common divisor of u and 2.
2
Let i(w) = -w**3 - 3*w**2 + 3*w - 3. Let f be i(-4). Let q be (f*6)/(3/2). Let a(t) = t - 2. Let s be a(3). What is the highest common factor of s and q?
1
Let w be 2/11 - 320/(-176). What is the highest common factor of w and 22?
2
Let b(t) = -6*t + 12. Let f be b(-13). Calculate the highest common factor of f and 30.
30
Let c be (-1)/(2 + (-15)/9). Let a be (11/(-2 - c))/(-1). Let v = a - -20. Calculate the greatest common factor of v and 72.
9
Let t be 1 + 0/1 - -23. Suppose 0 = 4*c - 20. Suppose 4*f = 5*h + 59, -c*f - 4*h + t + 19 = 0. What is the highest common factor of 66 and f?
11
Let l be (24/(-9))/(9/(-513)). What is the greatest common factor of 19 and l?
19
Suppose -24 = -q - q.